 + 0) prime?
False
Let p = -3 + 3. Suppose t - 45 - 22 = p. Is t a composite number?
False
Suppose 2*v - 5*d = 2128 - 554, -4*d = 3*v - 2407. Let i = v - 529. Suppose 0 = -f - 1, -5*l - f + i = -4*f. Is l a composite number?
False
Suppose -2*j = -5*o + 3*j + 950, 0 = -o - 5*j + 172. Is o prime?
False
Suppose 9*v - 709 = 8*v. Is v prime?
True
Let w(g) = -g - 1. Let k be w(3). Let t be -1 - (2*k + 2). Suppose -14 = -t*m + 3*h + h, 4*m - 32 = -2*h. Is m a prime number?
False
Suppose 7*l - l = 834. Is l prime?
True
Let q be -15*2*1/(-6). Suppose -3*i - 399 = -3*c, 0 = -q*c - 2*i + 611 + 40. Is c prime?
True
Is (-2241)/(-6) - (-3)/(-6) a prime number?
True
Let j(x) = -2*x - 15. Let r be j(-10). Suppose -4*m + 3 = -1, -r*m - 246 = -i. Is i a prime number?
True
Let g(n) = n**3 - 6*n**2 + 2*n - 8. Let h be g(6). Is (-1 - 58/h)*-2 a composite number?
False
Let z = -78 + 719. Is z a prime number?
True
Let k be 1 - 3 - 5*-1. Suppose -v + 3*u = -103, 2*v = k*u + 211 + 10. Let d = -71 + v. Is d a composite number?
False
Is (-15)/(-10) - 107/(-2) a prime number?
False
Let v = -2 - -2. Suppose v = -r - r + 8. Is (1 - r)/((-1)/1) a prime number?
True
Is (-488)/(-3) - (-1)/3 a composite number?
False
Let s = 6 + 60. Let d = -4 - -4. Suppose 5*u + 1 - s = d. Is u a prime number?
True
Let q(b) = 2*b**2 - 6*b + 1. Let k be q(4). Let o(f) = 7*f + 8. Is o(k) prime?
True
Let x be (-2)/12*-2*9. Is 1/(336/111 - x) composite?
False
Let g be 3/3*11 + -2. Suppose -5*h = -g*h + 892. Is h a prime number?
True
Suppose i = 4*g - 0*g - 27, -3*g = -3*i - 9. Suppose 7*j - 4*j = -q + 14, g = -2*q. Suppose 0 = -3*n + 5*x - j*x + 172, n = -5*x + 34. Is n a prime number?
True
Suppose 4*p + 2*a = 3*p + 399, 0 = -2*p + 3*a + 812. Is p a composite number?
True
Let v(m) = -m**2. Let p be v(0). Let y be (1/(-2) + p)*2. Is 5*y*(-21)/3 a prime number?
False
Let h be ((-1)/2)/((-5)/(-70)). Is 771/21 + (-2)/h composite?
False
Let p = 201 + -52. Is p a prime number?
True
Let h(c) = c**3 - 3*c + 2. Let w be h(2). Is (-31 - -9)*(-46)/w a prime number?
False
Let u(o) = 50*o + 21. Is u(9) prime?
False
Let f(v) = -v + 4. Let u(n) = n. Let p be u(5). Let s be f(p). Is (-289)/(-2) + s/(-2) composite?
True
Let t(f) = f + 9. Let v be t(-6). Suppose -20 = 5*d, -c = 4*c - v*d - 467. Is c composite?
True
Let y(g) = -3*g**2 - 7*g - 3. Let m be y(6). Let z = -38 - m. Is z a prime number?
False
Suppose 0*t + 5*t - 7925 = 0. Is t composite?
True
Suppose 0 = 4*h - 12, -2*y - 4*h = -y - 215. Is y a prime number?
False
Let c = 38 + -16. Suppose 0 = -2*d - 4*y + c - 6, 2 = 2*d - 3*y. Is 2/(d - 2) + 34 a prime number?
False
Suppose 2 = 2*g - 4. Suppose 0 = 4*m - b - 1508, -4*m + 0*b + 1508 = g*b. Is m a prime number?
False
Let d(c) = c**3 + 11*c**2 + c - 14. Let b be d(-15). Let y = 1336 + b. Is y a prime number?
False
Suppose -2*y + 3*g = -1067, 1139 = 3*y - 3*g - 469. Is y a composite number?
False
Suppose -5*a - 6 = -4*f, -5*f + 0*a + 24 = 2*a. Suppose 25 + 7 = 4*d - f*l, -4*d - 8 = 4*l. Suppose -q - 28 = -d*q. Is q a composite number?
True
Let a = 273 + 314. Is a composite?
False
Let b be (-2)/2 - 4/2. Let s = b + 3. Suppose 4*c - 7*c + 237 = s. Is c prime?
True
Let m(b) = -b**3 + 7*b**2 - b - 1. Let l = 4 + 0. Let j be m(l). Suppose 488 = 5*s + j. Is s a composite number?
False
Let p(d) = d. Let u(w) = -w**2 + 6*w + 31. Let h(m) = -3*p(m) + u(m). Is h(0) a prime number?
True
Let k be -6 + 3 - (0 + -88). Let h = 1 + k. Is h prime?
False
Let t(u) = 8*u**3 - 6*u**2 + 6*u + 2. Let b be t(5). Suppose 3*v + 87 = b. Is v a prime number?
False
Let c = -294 - -601. Is c a composite number?
False
Is 711 - (5 + -1 + -2) prime?
True
Let a(w) = -1 + 2*w**2 + 12*w**3 - 5*w**2 + w + 4*w**2. Let r(h) = -6*h - 5. Let l be r(-1). Is a(l) a prime number?
True
Let a(b) = 39*b - 3 + 1 + 1. Let h be a(1). Let c = h + -24. Is c a composite number?
True
Suppose 2*o + 3*m - 1 + 8 = 0, -2*m = 3*o - 2. Let q = o - 1. Suppose q*a = 5*a - 130. Is a a composite number?
True
Let t(u) = -u. Let d be t(-1). Suppose -4*q - d = 11. Is -1 + ((-120)/1)/q composite?
True
Let c(b) = b**2 + b - 2. Let h = -12 + 14. Is c(h) prime?
False
Suppose -4*m = -5*l + 11073, 4416 = 2*l - m + 6*m. Is l composite?
False
Let i(g) = 2*g - 2. Let w be i(2). Suppose -w*m + 162 - 8 = 0. Is m prime?
False
Let m be (-1)/4 + (-45)/(-20). Let p be 0 + (-1)/((-2)/280). Suppose -18 = -m*z + p. Is z a prime number?
True
Let u(i) = -i**2 - 2*i - 1. Let g be u(-2). Let z = 21 + -19. Is g + z - 1 - -49 composite?
True
Suppose -5*p = -5926 - 1889. Is p a composite number?
True
Let b be (-1)/(-4)*-838*4. Let n = b + 1339. Is n composite?
True
Let n = 295 - -154. Is n prime?
True
Is 3532/16 - 1/(-4) composite?
True
Is 7326/45 + 2/10 prime?
True
Let b be 1 + 2 + -2 - -1. Suppose 0 = -5*u + y + 1330, 2*y - 5 = 5. Suppose 5*r - b*r = u. Is r prime?
True
Let q(d) = 52*d + 1. Is q(22) a prime number?
False
Let m(o) = 2*o**2 + 12*o + 1. Suppose 1 + 3 = 4*z, z - 41 = 5*d. Is m(d) a composite number?
True
Let q = 85 - -306. Is q a prime number?
False
Is (28/(-8))/((-2)/116) composite?
True
Let k be 89/4 + (-1)/4. Suppose -2*z + k = -z. Is z composite?
True
Suppose 47 = 5*n + 4*z - 60, 5*z = -4*n + 91. Is n a composite number?
False
Suppose 0 = 11*k - 8211 - 4450. Is k a prime number?
True
Suppose -2*w + 34 = m + 3, -5*w = -2*m - 55. Is w a composite number?
False
Suppose 188 = -2*t + 706. Is t composite?
True
Suppose -3*j - 15 + 132 = 0. Is j a prime number?
False
Let k be (25/2)/((-8)/(-16)). Suppose k = -5*d, -134 = -j - d + 46. Is j a composite number?
True
Suppose d + 23 + 32 = 0. Let y = -16 - -10. Is (y/15)/(1/d) a prime number?
False
Suppose -4 = 2*f + 5*l - l, l = -4*f + 6. Suppose 10 = 3*p - f, -4*b + 24 = 3*p. Is (2 - b)/((-2)/238) prime?
False
Let t(v) = 171*v**3 + v**2 - 7*v + 3. Is t(2) composite?
False
Let k(c) = -44*c - 3. Let y = -3 + -3. Let n be k(y). Let o = n + -182. Is o a composite number?
False
Let y be 105/33 - (-2)/(-11). Suppose 2*b = -y*b + 2*i + 165, b - 33 = -3*i. Is b a composite number?
True
Let f(g) = -9*g**3 + 26*g**2 - g + 5. Let t(m) = 2*m**3 - 5*m**2 - 1. Let r(y) = 2*f(y) + 11*t(y). Is r(3) prime?
False
Let o(f) = -f**2 + 8*f + 12. Let r be o(9). Suppose -r*d + 5*w = -508, 224 = 4*d - 3*w - 435. Is d a composite number?
True
Suppose -4420 = 15*j - 15205. Is j prime?
True
Let f be ((-4)/(-10))/(1/2740). Suppose t + 3*t = f. Is t a composite number?
True
Suppose 10 + 30 = 4*r. Let g = 316 + r. Is 1/(0 + 2/g) prime?
True
Let x = 16 - 59. Let o = 36 - x. Is o a composite number?
False
Let h(c) be the first derivative of 17*c**2/2 - 2*c - 2. Let s be h(4). Suppose 5*b - s = 119. Is b a prime number?
True
Let m = -6 - -10. Suppose -m*c = 3*s - 844, -1055 = -3*c - 2*c - 4*s. Is c a composite number?
False
Let d = -389 - -1284. Is d prime?
False
Is (-2344)/(-6)*(-21)/(-14) a composite number?
True
Suppose -5*t = -p - 1919, -4*p - 28 = t - 416. Suppose 0 = o + 3*o + t. Let m = -61 - o. Is m prime?
False
Let n be 2*(3 + -5 - -3). Is n + 19*(11 + 0) composite?
False
Let j(y) = y + 10. Let s be j(-8). Suppose 3*n - s*n = -2*z + 259, 3*n - 142 = -z. Is z prime?
True
Suppose -5*r + 627 = -668. Is r prime?
False
Let a(b) = 2*b**2 - 12*b + 10. Let r(x) = -3*x**2 + 18*x - 15. Let t(u) = 8*a(u) + 5*r(u). Is t(8) a prime number?
False
Suppose 0 = -2*k - 7 - 9. Suppose -4*b + n - 65 = 0, 2*n - 74 = 3*b - 19. Let h = k - b. Is h a composite number?
False
Let d(l) = l**3 - 11*l**2 + 11*l + 3. Let x = 6 - 4. Suppose 0 = -5*u + 4*v + 34, 0 = -5*u - 5*v + x*v + 62. Is d(u) a composite number?
False
Let r = 67 - 10. Let s = r - 27. Suppose -j + s = -17. Is j composite?
False
Let p(d) = 16*d**3 - 2*d**2 + d. Is p(1) composite?
True
Let o be 110 + (0/2)/(-3). Let c = o - 33. Is c a composite number?
True
Suppose -4*t = -t - 24. Suppose -352 = -t*k + 4*k. Suppose -5*r + 380 = -5*s, 2*r - 68 = -2*s + k. Is r prime?
False
Suppose -2*m = 4*z - 906, -5*m - 251 + 2534 = z. Is m composite?
False
Let f(a) = -a**2 - 15*a - 6. Let w be f(-8). Suppose 7*i + w = 2*i. Let k = 48 - i. Is k a composite number?
True
Suppose -c - 3 = 0, 4*r + c - 4402 = 3*c. Is r prime?
False
Is 20/110 + ((-4607)/(-11) - 0) prime?
True
Suppose 0 = -2*l + 4*l - 1038. Is l a prime number?
False
Suppose -3*